z = d - v. Calculate the greatest common divisor of z and 10.
5
Let k(a) = -10*a - 1. Let c be k(-2). Let x = -35 + 212. Suppose -5*p = v - x, 3*p = -4*v + 4*p + 603. What is the greatest common divisor of c and v?
19
Suppose -4*c + 4 = 0, -4*c = -4*s + 3*s + 3. Calculate the greatest common factor of 94 and s.
1
Suppose -4*s + 48 = -2*s. Suppose -46*z = -2630 - 1234. What is the greatest common factor of z and s?
12
Let k(f) = f**2 - 4*f - 4. Let p be k(6). Suppose 338*c = 335*c - 6. Let v(b) = b**2 + 3*b + 6. Let h be v(c). Calculate the highest common factor of p and h.
4
Suppose -42 = -6*s + 8*s. Let g(a) = -a**2 - 18*a + 64. Let u be g(s). What is the greatest common factor of u and 23?
1
Let f = -6 - -21. Let j(m) = m**3 - 25*m**2 + 80*m - 68. Let h be j(22). Calculate the greatest common factor of h and f.
15
Let n(j) = j**2 - j - 2. Let a be n(-2). Let y = a + 17. Let o be -1 + -3 - (-15 + -134 - 2). Calculate the highest common factor of y and o.
21
Suppose 1555*z - 1594*z = -214656. Calculate the greatest common divisor of z and 215.
43
Let f(r) = 56*r + 310. Let k be f(-5). What is the greatest common divisor of 750 and k?
30
Let y = 0 + 5. Suppose 0 = -y*t + 470 + 205. Suppose 0 = 24*f - 21*f - t. Calculate the greatest common factor of 27 and f.
9
Let g be (-26)/(-14) - (-12 + (-830)/(-70)). Suppose 4*u = -g*n + 136, n = 3*u - 29 - 63. Calculate the greatest common factor of 20 and u.
4
Suppose -3*k = -2*i + 12, 2*k + 14 = -25*i + 27*i. Calculate the highest common factor of i and 11205.
9
Suppose -45*x + 3240 + 7196 = 761. What is the greatest common divisor of x and 6493?
43
Let i(b) = 5*b + 4*b**2 + 135 + 0*b - 2*b**2 + 9*b - 99. Let m be i(15). Calculate the highest common factor of 29 and m.
29
Suppose -8*g = -117*g + 58*g + 3264. Suppose 0*n - 2*n + 16 = 0. Calculate the greatest common factor of g and n.
8
Let a(x) = 4*x**2 - 3*x - 2. Let s be a(-1). Suppose s*o + 250 = -0*o. Let f = o + 71. Calculate the highest common factor of 3 and f.
3
Let x = 1581 + -1558. What is the highest common factor of x and 5819?
23
Let d = 25414 - 24630. What is the greatest common factor of d and 343?
49
Suppose 3*i = x + 406, 2*x = -2*i - i + 403. Calculate the greatest common divisor of 495 and i.
45
Suppose -14*d + 17*d + 14 = u, -4*u + 5*d = -70. Let p be 282/4 - 1/2. What is the greatest common factor of u and p?
10
Let o(k) = k**2 - 3*k - 16. Let i be o(8). Suppose 7*t - 5*t = 6. Suppose -a = -t*a + i. What is the greatest common factor of a and 60?
12
Let a(h) = 945*h - 5716. Let x be a(17). What is the highest common divisor of x and 316?
79
Let j be 91*(-1 - (-1 + -1)). Suppose 98 + j = 9*v. Calculate the greatest common factor of v and 63.
21
Let h = 807 - 614. What is the highest common factor of h and 965?
193
Let i(l) = -2*l**2 + 77*l + 45. Let t be i(39). Calculate the greatest common factor of t and 633.
3
Let g = 160 + 228. Let w = g - 367. Calculate the greatest common factor of 3 and w.
3
Let j be (-3 - 57)*(-8)/10. Suppose -2*y - 186 = 7*q - 8*q, -4*q + 2*y = -762. Suppose -7*s = s - q. What is the greatest common divisor of j and s?
24
Suppose -2*o + 156 = 5*f, -427*f + 430*f = -12. What is the greatest common divisor of o and 11044?
44
Let d(b) = -3*b - 35. Suppose 0 = -17*l + 24*l + 105. Let m be d(l). Calculate the greatest common factor of 5 and m.
5
Let w = 51 - 22. Let y = w - -40. Let r = y + -54. Calculate the highest common divisor of 60 and r.
15
Let h be 4/18 + 26632/36. Let t(o) = 4*o**2 + 63*o - 65. Let m be t(-17). What is the highest common divisor of m and h?
20
Suppose -n - 4*b + 363 = 0, 2*n - 93 = -5*b + 612. Calculate the greatest common factor of 1072 and n.
67
Let r = -1142 + 1401. Calculate the greatest common factor of r and 925.
37
Suppose -3*u = 6, -373 = -5*x - 3*u + 321. Let h be ((-70)/(-20))/((-2)/(-36)) + -7. Calculate the highest common divisor of h and x.
28
Suppose 0*d - 2*d = -114. Let m be -5 - 2 - -13*(-2 - -4)/2. What is the greatest common factor of d and m?
3
Let t(j) be the third derivative of j**4/3 + 17*j**3/2 + 26*j**2. Let b be t(-13). Let n = b + 119. What is the greatest common divisor of n and 99?
33
Let f(x) = x**3 - 4*x**2 - 6*x - 11. Let s be f(-5). Let y = 222 + s. What is the highest common divisor of y and 208?
16
Let a = 620 - 123. Let d = 877 - a. Calculate the highest common factor of 20 and d.
20
Let z be (-2)/(-7) + (-2)/7. Suppose -v + 4*v - 30 = z. Let j be 4 + (v - (-10)/(-5)). Calculate the highest common divisor of j and 24.
12
Let l = -1786 + 5728. What is the greatest common factor of 73 and l?
73
Suppose 448*x - 2859699 = 301389. Calculate the greatest common divisor of x and 144.
144
Let a(g) = 32*g - 384. Let w be a(52). Calculate the highest common divisor of w and 10.
10
Let v be (-3 - 87/6)*(-12)/15. Let u = -11 + v. Suppose -5*w + 16 = 5*j - 19, -5*j - 2*w + 23 = 0. Calculate the greatest common divisor of u and j.
3
Suppose 5*o + 11*o = 352. What is the greatest common divisor of 136 and o?
2
Let b be (-7155)/(-21) - (-6)/21. Suppose 5*f = -0*f + 10. Suppose r = -f*r + 93. What is the greatest common factor of r and b?
31
Let c be (3 + 11)*(-912)/(-32). What is the highest common factor of 84 and c?
21
Let t(d) = 26*d - 6. Let l be t(5). Suppose 0 = -8*s - 11*s + 8246. Suppose 10*f - s = -4*f. Calculate the greatest common factor of l and f.
31
Let o = 8 + 12. Suppose -32*a = -27*a + o. Let w be (-6)/a + 0 - 279/(-6). Calculate the highest common factor of 528 and w.
48
Let m(i) = i**2 - 34*i + 297. Let d be m(-20). Calculate the greatest common divisor of 36 and d.
9
Let q be 1051 - -3*72/27. Let p = q - 819. What is the greatest common factor of 15 and p?
15
Let m be 1 + 8/(-60)*-72*30. Let k = 355 - m. What is the highest common factor of 6 and k?
6
Suppose -5*k = 116 - 131. Let x be (10 - 13) + k*13. Calculate the greatest common factor of 90 and x.
18
Suppose 125*c - 33 = 122*c. Let u be 43538/121 + 1/(c/2). What is the greatest common divisor of 40 and u?
40
Suppose -54*f = -j - 51*f + 131, 0 = -5*j - 5*f + 735. What is the greatest common factor of j and 8437?
143
Suppose 6*v - 660 = v + o, -5*o = 0. Let d be 20/10*-17*3/(-6). Suppose -120 = -27*a + d*a. What is the highest common divisor of v and a?
12
Let x = 1277 - 1183. Let b(k) = -50*k + 8. Let i be b(-13). Calculate the greatest common divisor of x and i.
94
Let u = -15545 - -19773. What is the highest common factor of u and 42?
14
Suppose 232 = 3*s - 4*k, 8*k + 12 = 5*k. Suppose 0*u = u + 5*g - s, 5*g = -10. Calculate the highest common factor of 574 and u.
82
Let j(h) = h + 6. Suppose 16*d + 81 = 33. Let i be j(d). What is the highest common factor of i and 18?
3
Suppose y = b + 4, -4*y + 1 = 5. Let o(r) = r**3 + 4*r**2 - 5*r + 6. Let t be o(b). Let q be t/4*352/12. What is the highest common divisor of q and 22?
22
Let l(i) = -i**3 + 2*i**2 + i - 8. Let t be 7 - (12/(-16))/(2/(-8)). Let d be l(t). Let z = 50 + d. What is the highest common factor of 154 and z?
14
Let v be 4*(-459)/126*(1 + -15). Suppose w - v - 18 = 0. What is the greatest common divisor of 37 and w?
37
Let u = 29972 - 29954. Let t = -115 + 529. Calculate the highest common divisor of t and u.
18
Suppose -1532 - 1980 + 514 = -27*w + 404. Let b = 56 + -2. Suppose -2*t + b = -30. What is the highest common divisor of w and t?
42
Let h(l) be the second derivative of -l**4/6 + l**3/3 + 13*l**2 - 2*l. Let b = 569 + -569. Let v be h(b). Calculate the highest common factor of v and 208.
26
Suppose -y = b - 76, 508*y = -5*b + 509*y + 404. Let m be 1 + -1 + 10*13. Calculate the highest common factor of m and b.
10
Let d(s) = -128*s**3 + 2*s**2 + 3*s + 1. Let r be d(-1). What is the highest common divisor of 2 and r?
2
Suppose 4 = 223*z - 221*z. Suppose -4*r - 3*n = -44, 7*n - 6*n = -z*r + 20. Let g = 21 - -3. What is the greatest common divisor of r and g?
8
Suppose -4*u + 22 = 54. Let j = 26 - u. Let f(o) = -48*o - 271. Let y be f(-6). What is the highest common divisor of j and y?
17
Let s be 3/((-4)/(-8) + -4 + 5). Let g be (-171)/(-19) + s*-2. Calculate the highest common divisor of g and 15.
5
Let p(a) = 9*a + a**2 + 12 + 0*a + a + 2*a**2. Let w be p(6). Suppose 3*k - x = w, 4*k - x = 3*x + 232. What is the greatest